- 8*h**2 - 8*h + 2. Let a be p(f). What is the greatest common factor of b and a?
6
Let r(n) = 3*n**2 + n - 4. Let y be r(-2). What is the greatest common divisor of y and 12?
6
Suppose 3*i - 7*i - 12 = -3*t, 0 = -3*i + t - 14. Let m(n) = n**3 + 6*n**2 - 3*n + 6. Let d be m(i). Calculate the highest common divisor of d and 168.
24
Let h(w) = 14*w**2. Let d be h(-1). Let v(q) = 2*q**3 + 9*q**2 + 3*q + 3. Let u be v(-4). Calculate the highest common divisor of u and d.
7
Let i = -10 - -15. Suppose -4*j = 3*q - 20, -i*q - 4*j + 18 + 18 = 0. Suppose 4*d + 2*t = q, -5*d + d - 4 = 5*t. What is the highest common divisor of 10 and d?
2
Let i be 2 - (152/(-4))/2. Calculate the highest common divisor of i and 63.
21
Suppose 5*q - 16 = -w + q, -5*w - 2*q = -26. Let g = -15 + w. Let b = -8 - g. What is the greatest common divisor of 24 and b?
3
Suppose -5*y + 23 = -2*g + 3*g, 0 = -3*g + 5*y - 11. Let s = 6 + -4. Let f(x) = x + 1. Let o be f(s). Calculate the greatest common factor of o and g.
3
Suppose 0 = -5*b + m + 2*m + 491, 12 = 4*m. Suppose 2*p + p - 120 = 0. What is the greatest common factor of p and b?
20
Let z(g) = -g**2 + 5*g + 7. Let o be z(6). What is the highest common factor of 8 and o?
1
Let x = -19 - -25. Let m(u) be the third derivative of u**5/60 - u**4/8 + u**3/3 - u**2. Let q be m(x). Calculate the greatest common factor of 140 and q.
20
Let v = 15 + -13. Suppose 4*d - v*a - 19 = 35, -60 = -5*d - 5*a. What is the highest common divisor of d and 117?
13
Let g(n) = -n**3 - 2*n**2 + 2*n + 228. Let j be g(0). What is the greatest common factor of 24 and j?
12
Suppose -3 - 62 = -5*s. Let b be (s - (0 + 2)) + -1. Let p = 185 + -75. What is the greatest common divisor of b and p?
10
Let i(z) = 6*z**2 + 2*z. Let v = 2 + -4. Let x be i(v). Calculate the greatest common factor of x and 160.
20
Let b = 3 - 0. Suppose 0 = -5*g + 9*g + 4. Let u = g - -2. Calculate the greatest common factor of b and u.
1
Let x be 8/6*27/2. What is the greatest common divisor of 54 and x?
18
Let y = 3 - -5. Calculate the highest common factor of y and 16.
8
Let m be 1 - (-3 + 15 + -2). Let o(k) = k + 10. Let v be o(m). Calculate the highest common factor of v and 4.
1
Let w = -1 + -7. Let t(d) = -d**2 - 9*d + 10. Let u be t(w). Let f be 0 - (-3 + (0 - -1)). What is the highest common divisor of u and f?
2
Let q = -46 + 64. Let j be (0 - -36)*1/2. What is the greatest common factor of q and j?
18
Let v(y) = -2*y**2 - 15*y + 8. Let q be v(-7). Let w(g) = 2*g**3 - 2*g + 3. Let c be w(2). What is the greatest common factor of q and c?
15
Let t(d) = d**3 - 4*d**2 - 3*d + 6. Suppose 4 = 2*q - 6. Let m be t(q). Let y be (-1*(-32)/(-12))/(4/(-6)). Calculate the highest common divisor of y and m.
4
Let m be (-1 - 9)/(8/(-16)). Suppose -2*v = -3*v + m. What is the greatest common factor of v and 8?
4
Let f = 47 - -1. Let l be (15/9)/((-1)/f). Let d be 3*1/((-3)/l). What is the highest common factor of d and 16?
16
Let f be (-2)/8 - (-325)/20. Suppose -4*b + 2*x - 26 + 146 = 0, -4*x = 2*b - 80. What is the greatest common factor of b and f?
16
Let p(f) = -13*f**2 - f**3 - 5*f - 9*f - 5 + 0*f**3. Let w be p(-12). What is the highest common factor of 19 and w?
19
Let y = 5 + 1. Suppose l - y = -l. What is the greatest common factor of 3 and l?
3
Let z = -5 + 75. What is the greatest common factor of z and 14?
14
Suppose -3*f = -5*f + 38. Let i = -14 + f. Calculate the highest common divisor of 40 and i.
5
Suppose 0 = v + v - 8. Suppose -3*g - 9 = -3*n, 2*g - 21 = -v*n + 21. Calculate the highest common factor of 1 and n.
1
Let v be (-4 - -2)/((-2)/47). Let i be -5 + 7 + (v - 0). What is the highest common divisor of 7 and i?
7
Let u(g) = 2*g**2 - 4. Let k be u(3). What is the highest common divisor of k and 70?
14
Suppose 4 = 2*w - 22. Calculate the greatest common factor of 117 and w.
13
Let h(g) = g**3 - 5*g**2 + 5*g - 1. Let b be h(4). Suppose -45 = -b*i - 15. Calculate the highest common divisor of i and 2.
2
Suppose 252 = -13*h + 15*h. Suppose -42 = -3*c + 2*k - 0*k, c + 4*k - 14 = 0. What is the highest common factor of h and c?
14
Let x = 17 - 3. Suppose 2*k - x = 22. What is the highest common factor of k and 198?
18
Let q(h) = h - 6. Let n be q(9). Let r = 3 - n. Suppose o - 14 + 5 = r. Calculate the greatest common divisor of o and 1.
1
Suppose -4 = -0*a - 4*a. Let q be -2 + 0 - 2/(-1). Suppose 2*c + a - 23 = q. Calculate the greatest common divisor of 44 and c.
11
Suppose g - 4*x - 16 = 0, 3*x = -g - 11 - 1. Suppose -b - b + 60 = g. Calculate the greatest common divisor of b and 75.
15
Let m be ((-20)/(-25))/(6/360). Let s be ((-32)/(-5))/2*5. Calculate the highest common divisor of m and s.
16
Let p(u) = -u**2 + 2*u + 0*u**2 + 0 + 4. Let w be p(3). Let h be 2/(-2 + w) + 32. What is the greatest common divisor of 45 and h?
15
Suppose 3*b - 130 = z, 2*b - 5*z - 57 - 8 = 0. Suppose -2*r - 9 = -b. What is the highest common divisor of r and 2?
2
Suppose -5*g + 80 = -4*j, 0*j + 46 = 3*g - 2*j. What is the greatest common divisor of g and 3?
3
Suppose 143 = 4*y + w, 5*y = 2*w - 12 + 194. What is the highest common divisor of 24 and y?
12
Suppose -30 = -2*g + 5*c - 4, 24 = 4*g - 3*c. Let y = g - -4. What is the greatest common factor of y and 49?
7
Suppose -y + 22 = 4*w, 4*w - 2*y = -0*y + 28. Let x be w/(-2)*20/(-6). Let b be x/4*(-18)/(-5). What is the greatest common divisor of b and 3?
3
Suppose 4*n + 5*f - 12 = -0*f, 4*n + 4 = -f. Let d = 6 + n. Let a be d/3*(-60)/(-8). Calculate the greatest common factor of a and 5.
5
Let z = 105 + -53. What is the highest common factor of z and 78?
26
Let l be (-17)/5 + (-2)/(-5). Let n(s) = -3*s - 3. Let d be n(l). What is the greatest common divisor of d and 66?
6
Suppose 2*z + 0 - 37 = 5*b, -2*b = z - 14. Suppose i = 5*l + 3*i - 13, -4*l + 4*i = -z. Suppose 0*p = -l*p + 27. What is the highest common factor of p and 63?
9
Let t(k) = 4*k. Let s be t(1). Let i(j) = j**3 - 9*j**2 + 13*j - 12. Let h be i(8). Calculate the greatest common divisor of h and s.
4
Let f(d) be the third derivative of d**6/120 + d**5/12 - d**4/4 + 4*d**3/3 + d**2. Let b be f(-6). Calculate the highest common factor of 8 and b.
8
Let v = 5 - 4. Let z be (-5 - -1)*(-33)/12. Calculate the highest common divisor of z and v.
1
Let t be ((-4)/(-9))/(415/45 + -9). Suppose 16 + 9 = 5*z. Calculate the highest common factor of t and z.
1
Let x be (-4 - -1 - -1)*104/(-13). Calculate the greatest common factor of 16 and x.
16
Let p be (-2)/4 - (-4)/(-8). Let v(o) = -78*o - 1. Let w be v(p). What is the highest common divisor of 11 and w?
11
Suppose -2*i - i = -3*x + 3, 0 = 2*x + 5*i - 37. What is the highest common factor of 24 and x?
6
Suppose 2*n - h + 0*h + 1 = 0, -3*h - 27 = 4*n. Let k = n - -10. What is the greatest common factor of k and 35?
7
Suppose 2*q - 4*q + 5*d + 4 = 0, -4*q - 5*d + 38 = 0. Suppose q = -f + 23. Calculate the highest common divisor of f and 8.
8
Let k(j) = -24*j**2 - 3*j + 2. Let f be k(1). Let i = -19 - f. What is the highest common divisor of i and 9?
3
Let l = 21 + -9. Let r(n) = -5*n + 2. Let s be r(4). Let k be (-4)/18 - 1516/s. Calculate the highest common factor of l and k.
12
Let s = -12 + 20. Let f be -1*8*28/(-4). Calculate the highest common factor of s and f.
8
Let c be (49/2)/(3 - (-5)/(-2)). What is the greatest common factor of c and 7?
7
Let h be 1 - (4 + -2 + -12). Let r be -4*(-1)/2 + 0. Let l(k) = 15*k**3 + 2*k - 3. Let y be l(r). What is the greatest common factor of h and y?
11
Let d(j) = j - j**3 + j**2 - 8*j**2 + 5 - 7*j + j. Let x be d(-7). Suppose -k = -0*k - x. Calculate the highest common factor of 10 and k.
10
Let d = -24 + 66. What is the greatest common divisor of 6 and d?
6
Let q(t) = 99*t**3 - 2*t**2 + 2*t - 1. Let f be q(1). Let m = 178 - f. What is the highest common factor of m and 10?
10
Let s(p) = p**2 - 12*p + 20. Let z be s(14). Let y be z/4 - (2 + -5). Calculate the highest common factor of 5 and y.
5
Let r = -6 + 9. Suppose -2*o + 114 = -3*h, 0 = 5*h + 5*o - r*o + 206. Let b = h + 70. Calculate the greatest common divisor of b and 10.
10
Let g(l) = l - 4. Let q be g(3). Let i be 35*1 - (-2)/q. Let f = -8 + i. What is the highest common divisor of 5 and f?
5
Let b(j) = j - 1. Let k be b(-1). Let 